{"id":11192,"date":"2014-12-17T16:46:01","date_gmt":"2014-12-17T15:46:01","guid":{"rendered":"http:\/\/www.systemhaus-rheine.de\/wp1\/?page_id=11192"},"modified":"2019-11-15T11:01:24","modified_gmt":"2019-11-15T10:01:24","slug":"erp-software-microtech","status":"publish","type":"page","link":"https:\/\/systemhaus-rheine.de\/wp1\/software\/erp-software-microtech\/","title":{"rendered":"Warenwirtschaft von microtech"},"content":{"rendered":"<div class=\"fusion-fullwidth fullwidth-box fusion-builder-row-1 nonhundred-percent-fullwidth non-hundred-percent-height-scrolling\" style=\"--awb-background-position:left top;--awb-border-radius-top-left:0px;--awb-border-radius-top-right:0px;--awb-border-radius-bottom-right:0px;--awb-border-radius-bottom-left:0px;--awb-padding-top:20px;--awb-padding-right:0px;--awb-padding-bottom:20px;--awb-padding-left:0px;--awb-border-sizes-top:0px;--awb-border-sizes-bottom:0px;--awb-flex-wrap:wrap;\" ><div class=\"fusion-builder-row fusion-row\"><div class=\"fusion-layout-column fusion_builder_column fusion-builder-column-0 fusion_builder_column_1_1 1_1 fusion-one-full fusion-column-first fusion-column-last fusion-column-no-min-height\" style=\"--awb-bg-size:cover;--awb-margin-bottom:0px;\"><div class=\"fusion-column-wrapper fusion-flex-column-wrapper-legacy\"><div class=\"fusion-clearfix\"><\/div><\/div><\/div><\/div><\/div><div class=\"fusion-fullwidth fullwidth-box fusion-builder-row-2 hundred-percent-fullwidth non-hundred-percent-height-scrolling\" style=\"--awb-border-radius-top-left:0px;--awb-border-radius-top-right:0px;--awb-border-radius-bottom-right:0px;--awb-border-radius-bottom-left:0px;--awb-overflow:visible;--awb-flex-wrap:wrap;\" ><div class=\"fusion-builder-row fusion-row\"><div class=\"fusion-layout-column fusion_builder_column fusion-builder-column-1 fusion_builder_column_2_3 2_3 fusion-two-third fusion-column-first inhalt\" style=\"--awb-bg-size:cover;width:65.3333%; margin-right: 4%;\"><div class=\"fusion-column-wrapper fusion-flex-column-wrapper-legacy\"><div class=\"fusion-title title fusion-title-1 fusion-title-text fusion-title-size-one\" style=\"--awb-margin-top-small:10px;--awb-margin-right-small:0px;--awb-margin-bottom-small:10px;--awb-margin-left-small:0px;\"><h1 class=\"fusion-title-heading title-heading-left\" style=\"margin:0;\">Warenwirtschaft von <span style=\"color: #2c9aaa;\"><strong>microtech<\/strong><\/span><\/h1><span class=\"awb-title-spacer\"><\/span><div class=\"title-sep-container\"><div class=\"title-sep sep-double sep-solid\" style=\"border-color:#e0dede;\"><\/div><\/div><\/div><div class=\"fusion-text fusion-text-1\"><p><a href=\"https:\/\/www.microtech.de\/produkte\"><img decoding=\"async\" class=\" wp-image-15056 alignleft\" src=\"http:\/\/systemhaus-rheine.de\/wp1\/wp-content\/uploads\/2014\/12\/microtech.de-bueroplus-produktlogo-screen-large.png\" alt=\"microtech.de-bueroplus-produktlogo-screen-large\" width=\"160\" height=\"122\" srcset=\"https:\/\/systemhaus-rheine.de\/wp1\/wp-content\/uploads\/2014\/12\/microtech.de-bueroplus-produktlogo-screen-large-180x138.png 180w, https:\/\/systemhaus-rheine.de\/wp1\/wp-content\/uploads\/2014\/12\/microtech.de-bueroplus-produktlogo-screen-large.png 219w\" sizes=\"(max-width: 160px) 100vw, 160px\" \/><\/a><\/p>\n<p><span style=\"color: #0070ae;\"><strong>b\u00fcro<sup>+<\/sup><\/strong><\/span> ist der Klassiker der kaufm\u00e4nnischen Software: Die Unternehmenssoftware f\u00fcr Einsteiger, Aufsteiger und etablierte Unternehmen, die eine zuverl\u00e4ssige Software brauchen.<\/p>\n<p>Mit <span style=\"color: #0070ae;\"><strong>b\u00fcro<sup>+<\/sup><\/strong><\/span> steuern Sie einfach und effektiv die Vorg\u00e4nge in Ihrem Warenwirtschaftssystem, in der Finanzbuchhaltung und bei den Lohn- und Gehaltsabrechnungen.<\/p>\n<p><div class=\"fusion-sep-clear\"><\/div><div class=\"fusion-separator fusion-full-width-sep\" style=\"margin-left: auto;margin-right: auto;margin-top:40px;margin-bottom:40px;width:100%;\"><\/div><div class=\"fusion-sep-clear\"><\/div>\n<a href=\"https:\/\/www.microtech.de\/produkte\"><img decoding=\"async\" class=\" wp-image-15066 size-full aligncenter\" src=\"https:\/\/systemhaus-rheine.de\/wp1\/wp-content\/uploads\/2014\/12\/microtech.de-bueroplus-wuerfel-transp.png\" alt=\"microtech.de-bueroplus-wuerfel-transp\" width=\"567\" height=\"401\" srcset=\"https:\/\/systemhaus-rheine.de\/wp1\/wp-content\/uploads\/2014\/12\/microtech.de-bueroplus-wuerfel-transp-300x212.png 300w, https:\/\/systemhaus-rheine.de\/wp1\/wp-content\/uploads\/2014\/12\/microtech.de-bueroplus-wuerfel-transp.png 567w\" sizes=\"(max-width: 567px) 100vw, 567px\" \/><\/a><\/p>\n<p>Die drei Module Warenwirtschaft, FiBu und Lohn sind in den drei verschieden umfangreichen Ausbau- und Leistungsstufen professional, commercial oder universal erh\u00e4ltlich. Je nach Gr\u00f6\u00dfe Ihres Unternehmens oder Anspruch an Ihre k\u00fcnftige kaufm\u00e4nnische Software, w\u00e4hlen Sie aus drei Ausbaustufen Ihr passendes <span style=\"color: #0070ae;\"><strong>b\u00fcro<sup>+<\/sup><\/strong><\/span> Leistungsspektrum.<\/p>\n<div class=\"fusion-sep-clear\"><\/div><div class=\"fusion-separator fusion-full-width-sep\" style=\"margin-left: auto;margin-right: auto;margin-top:40px;margin-bottom:40px;width:100%;\"><div class=\"fusion-separator-border sep-single sep-solid\" style=\"--awb-height:20px;--awb-amount:20px;border-color:#e0dede;border-top-width:1px;\"><\/div><\/div><div class=\"fusion-sep-clear\"><\/div>\n<p><a href=\"https:\/\/www.microtech.de\/produkte\"><img decoding=\"async\" class=\" wp-image-15058 alignleft\" src=\"http:\/\/systemhaus-rheine.de\/wp1\/wp-content\/uploads\/2014\/12\/microtech.de-erp-complete-produktlogo_screen_large.png\" alt=\"microtech.de-erp-complete-produktlogo_screen_large\" width=\"162\" height=\"122\" \/><\/a><span style=\"color: #965a06;\"><strong>ERP-complete<\/strong><\/span> ist eine kaufm\u00e4nnische Software der Spitzenklasse.<br \/>\nOrganisieren Sie Ihre individuellen kaufm\u00e4nnischen Prozesse komplett mit einer einzigen Software. Sie l\u00e4sst kaum W\u00fcnsche offen und w\u00e4chst gerne mit Ihnen und Ihren Aufgaben. Zusatzpakete und Funktionen, die Sie bei anderen Anbietern dazukaufen m\u00fcssen, sind in <span style=\"color: #965a06;\"><strong>ERP-complete<\/strong><\/span> schon enthalten.<\/p>\n<p><a href=\"https:\/\/systemhaus-rheine.de\/wp1\/wp-content\/uploads\/2014\/12\/erp-schaubild.jpg\"><img decoding=\"async\" class=\"aligncenter wp-image-15070 size-full\" src=\"http:\/\/systemhaus-rheine.de\/wp1\/wp-content\/uploads\/2014\/12\/erp-schaubild.jpg\" alt=\"erp-schaubild\" width=\"1000\" height=\"541\" srcset=\"https:\/\/systemhaus-rheine.de\/wp1\/wp-content\/uploads\/2014\/12\/erp-schaubild-300x162.jpg 300w, https:\/\/systemhaus-rheine.de\/wp1\/wp-content\/uploads\/2014\/12\/erp-schaubild.jpg 1000w\" sizes=\"(max-width: 1000px) 100vw, 1000px\" \/><\/a><\/p>\n<\/div><div class=\"fusion-sep-clear\"><\/div><div class=\"fusion-separator fusion-full-width-sep\" style=\"margin-left: auto;margin-right: auto;margin-top:40px;margin-bottom:40px;width:100%;\"><div class=\"fusion-separator-border sep-single sep-solid\" style=\"--awb-height:20px;--awb-amount:20px;border-color:#e0dede;border-top-width:1px;\"><\/div><\/div><div class=\"fusion-sep-clear\"><\/div><div class=\"fusion-text fusion-text-2\"><h2><span style=\"color: #965a06;\"><strong>ERP-complete<\/strong><\/span> und <span style=\"color: #0070ae;\"><strong>b\u00fcro<sup>+<\/sup><\/strong><\/span>-Module<\/h2>\n<div style=\"min-width: 20%; margin: 15px;\">\n<div id=\"attachment_15060\" style=\"width: 170px\" class=\"wp-caption alignright\"><a href=\"https:\/\/www.microtech.de\/produkte\/\"><img decoding=\"async\" aria-describedby=\"caption-attachment-15060\" class=\"wp-image-15060\" src=\"http:\/\/systemhaus-rheine.de\/wp1\/wp-content\/uploads\/2014\/12\/microtech.de-modulrad-bueroplus-RGB-150dpi.png\" alt=\"microtech.de-modulrad-bueroplus-RGB-150dpi\" width=\"160\" height=\"160\" srcset=\"https:\/\/systemhaus-rheine.de\/wp1\/wp-content\/uploads\/2014\/12\/microtech.de-modulrad-bueroplus-RGB-150dpi-150x150.png 150w, https:\/\/systemhaus-rheine.de\/wp1\/wp-content\/uploads\/2014\/12\/microtech.de-modulrad-bueroplus-RGB-150dpi.png 297w\" sizes=\"(max-width: 160px) 100vw, 160px\" \/><\/a><p id=\"caption-attachment-15060\" class=\"wp-caption-text\"><span style=\"color: #0070ae;\"><strong>b\u00fcro<sup>+<\/sup><\/strong><\/span> Drei Module &#8211; eine L\u00f6sung<\/p><\/div>\n<\/div>\n<ul>\n<li><strong>Warenwirtschaft<\/strong> Mit dem Modul\u00a0Warenwirtschaft arbeiten Sie im Einkauf und Verkauf, Sie erstellen Ihre Belege und Vorg\u00e4nge wie Angebote, Lieferscheine, Rechnungen, verwalten Ihren Artikelstamm, dokumentieren Lagerbewegungen und Best\u00e4nde. Eine komfortable Adressverwaltung ist nat\u00fcrlich auch enthalten.<\/li>\n<li><strong>Finanzbuchhaltung<\/strong> (FiBu) Das Modul FiBu erleichtert Ihnen die Routineabl\u00e4ufe in der Finanzbuchhaltung und unterst\u00fctzt Sie bei der Bew\u00e4ltigung der gesetzlich vorgeschriebenen Buchf\u00fchrungspflicht.<\/li>\n<li><strong>Lohn-\/Gehaltsabrechnung<\/strong> (Lohn) Das Lohnmodul erledigt die Lohn- und Gehaltsabrechnungen Ihrer Mitarbeiter zuverl\u00e4ssig und unkompliziert.<\/li>\n<\/ul>\n<h2><strong>Produktmerkmale\u00a0<\/strong><span style=\"color: #965a06;\"><strong>ERP-complete<\/strong><\/span> und <span style=\"color: #0070ae;\"><strong>b\u00fcro<sup>+<\/sup><\/strong><\/span><\/h2>\n<ul>\n<li>Ideal f\u00fcr kleine und mittelst\u00e4ndische Unternehmen<\/li>\n<li>Branchenunabh\u00e4ngig einsetzbar<\/li>\n<li>Software, die mitw\u00e4chst<\/li>\n<li>Modulare Systemarchitektur<\/li>\n<li>Intuitives Bedienkonzept<\/li>\n<li>Erweiterungen und Partnerl\u00f6sungen f\u00fcr Ihren individuellen Bedarf<\/li>\n<li>Zukunftssicher mit Aktualit\u00e4ts-Service und Basis-Support<\/li>\n<li>Software Made in Germany<\/li>\n<\/ul>\n<\/div><div class=\"fusion-video fusion-youtube\" style=\"--awb-max-width:600px;--awb-max-height:350px;\"><div class=\"video-shortcode\"><div class=\"fluid-width-video-wrapper\" style=\"padding-top:58.33%;\" ><iframe title=\"YouTube video player 1\" src=\"https:\/\/www.youtube.com\/embed\/ILgLIstqzyU?wmode=transparent&autoplay=0\" width=\"600\" height=\"350\" allowfullscreen allow=\"autoplay; clipboard-write; encrypted-media; gyroscope; picture-in-picture;\"><\/iframe><\/div><\/div><\/div><div class=\"fusion-text fusion-text-3\"><p><div class=\"fusion-sep-clear\"><\/div><div class=\"fusion-separator fusion-full-width-sep\" style=\"margin-left: auto;margin-right: auto;margin-top:40px;margin-bottom:40px;width:100%;\"><div class=\"fusion-separator-border sep-single sep-solid\" style=\"--awb-height:20px;--awb-amount:20px;border-color:#e0dede;border-top-width:1px;\"><\/div><\/div><div class=\"fusion-sep-clear\"><\/div><a href=\"https:\/\/www.microtech.de\/\" target=\"_blank\" rel=\"noopener\"><img decoding=\"async\" class=\"alignnone wp-image-15074\" src=\"http:\/\/systemhaus-rheine.de\/wp1\/wp-content\/uploads\/2014\/12\/microtech-Logo-300x54.png\" alt=\"microtech-Logo\" width=\"223\" height=\"40\" srcset=\"https:\/\/systemhaus-rheine.de\/wp1\/wp-content\/uploads\/2014\/12\/microtech-Logo-300x54.png 300w, https:\/\/systemhaus-rheine.de\/wp1\/wp-content\/uploads\/2014\/12\/microtech-Logo-1024x183.png 1024w, https:\/\/systemhaus-rheine.de\/wp1\/wp-content\/uploads\/2014\/12\/microtech-Logo.png 1100w\" sizes=\"(max-width: 223px) 100vw, 223px\" \/><\/a><\/p>\n<p><span style=\"color: #2c9aaa;\"><strong>microtech<\/strong><\/span> bietet\u00a0seit \u00fcber 25 Jahren kaufm\u00e4nnische Software f\u00fcr Einsteiger, Aufsteiger und den Mittelstand. Durch den modularen Aufbau der Software und die gute Skalierbarkeit ergibt sich die branchen\u00fcbergreifend passende L\u00f6sung bei m\u00fcheloser Anpassung an Unternehmensgr\u00f6\u00dfe und Anforderungen. <span class=\"hervorhebung\">InSystem ist langj\u00e4hriger <span style=\"color: #2c9aaa;\"><strong>microtech<\/strong><\/span> Partner.<\/span> Wir bieten Ihnen Consulting, Einrichtung, Anpassung und Wartung Ihrer microtech Produkte. Bei Fragen kontaktieren Sie uns gern:<\/p>\n<div style=\"background-color: #384c95; padding: 8px; height: 41px;\">\n<p style=\"color: white; text-align: center; margin: 0px 0px 16px 0px;\">Telefon: <a style=\"color: white !important;\" href=\"tel:\/\/+4959719804919\">05971 \/ 98049-19<\/a> \u00a0 \u00a0 E-Mail: <a style=\"color: white !important;\" title=\"Kontakt\" href=\"http:\/\/www.systemhaus-rheine.de\/wp1\/ueber-uns\/kontakt\/\">Kontaktformular<\/a><\/p>\n<\/div>\n<\/div><div class=\"fusion-sep-clear\"><\/div><div class=\"fusion-separator fusion-full-width-sep\" style=\"margin-left: auto;margin-right: auto;margin-top:40px;margin-bottom:40px;width:100%;\"><div class=\"fusion-separator-border sep-single sep-solid\" style=\"--awb-height:20px;--awb-amount:20px;border-color:#e0dede;border-top-width:1px;\"><\/div><\/div><div class=\"fusion-sep-clear\"><\/div><div class=\"fusion-builder-row fusion-builder-row-inner fusion-row\"><div class=\"fusion-layout-column fusion_builder_column_inner fusion-builder-nested-column-0 fusion_builder_column_inner_1_1 1_1 fusion-one-full fusion-column-first fusion-column-last\" style=\"--awb-bg-size:cover;\"><div class=\"fusion-column-wrapper fusion-flex-column-wrapper-legacy\"><div class=\"fusion-text fusion-text-4\"><p><img decoding=\"async\" class=\"size-full wp-image-17666 aligncenter\" src=\"https:\/\/systemhaus-rheine.de\/wp1\/wp-content\/uploads\/2019\/11\/microtech-partnerlogo-bronze-web.png\" alt=\"\" width=\"405\" height=\"137\" srcset=\"https:\/\/systemhaus-rheine.de\/wp1\/wp-content\/uploads\/2019\/11\/microtech-partnerlogo-bronze-web-200x68.png 200w, https:\/\/systemhaus-rheine.de\/wp1\/wp-content\/uploads\/2019\/11\/microtech-partnerlogo-bronze-web-300x101.png 300w, https:\/\/systemhaus-rheine.de\/wp1\/wp-content\/uploads\/2019\/11\/microtech-partnerlogo-bronze-web-400x135.png 400w, https:\/\/systemhaus-rheine.de\/wp1\/wp-content\/uploads\/2019\/11\/microtech-partnerlogo-bronze-web.png 405w\" sizes=\"(max-width: 405px) 100vw, 405px\" \/><\/p>\n<\/div><div class=\"fusion-clearfix\"><\/div><\/div><\/div><\/div><div class=\"fusion-clearfix\"><\/div><\/div><\/div><div class=\"fusion-layout-column fusion_builder_column fusion-builder-column-2 fusion_builder_column_1_3 1_3 fusion-one-third fusion-column-last\" style=\"--awb-bg-size:cover;width:30.6666%;\"><div class=\"fusion-column-wrapper fusion-flex-column-wrapper-legacy\"><div class=\"fusion-text fusion-text-5\"><div class=\"su-box su-box-style-default\" id=\"\" style=\"border-color:#ae0000;border-radius:3px;max-width:none\"><div class=\"su-box-title\" style=\"background-color:#E11A2D;color:#FFFFFF;border-top-left-radius:1px;border-top-right-radius:1px\">IT-Tipps<\/div><div class=\"su-box-content su-u-clearfix su-u-trim\" style=\"border-bottom-left-radius:1px;border-bottom-right-radius:1px\"><div class=\"fusion-recent-posts fusion-recent-posts-1 avada-container layout-default layout-columns-1\"><section class=\"fusion-columns columns fusion-columns-1 columns-1\"><article class=\"post fusion-column column col col-lg-12 col-md-12 col-sm-12\"><div class=\"recent-posts-content\"><span class=\"vcard\" style=\"display: none;\"><span class=\"fn\"><a href=\"https:\/\/systemhaus-rheine.de\/wp1\/author\/wp_admin\/\" title=\"Beitr\u00e4ge von wp_admin\" rel=\"author\">wp_admin<\/a><\/span><\/span><span class=\"updated\" style=\"display:none;\">2023-04-15T16:47:48+02:00<\/span><h4 class=\"entry-title\"><a href=\"https:\/\/systemhaus-rheine.de\/wp1\/autonome-e-trucks-eine-transport-revolution\/\">Autonome E-Trucks \u2013 Eine Transport-Revolution?<\/a><\/h4><\/div><\/article><article class=\"post fusion-column column col col-lg-12 col-md-12 col-sm-12\"><div class=\"recent-posts-content\"><span class=\"vcard\" style=\"display: none;\"><span class=\"fn\"><a href=\"https:\/\/systemhaus-rheine.de\/wp1\/author\/wp_admin\/\" title=\"Beitr\u00e4ge von wp_admin\" rel=\"author\">wp_admin<\/a><\/span><\/span><span class=\"updated\" style=\"display:none;\">2023-04-15T16:55:34+02:00<\/span><h4 class=\"entry-title\"><a href=\"https:\/\/systemhaus-rheine.de\/wp1\/sind-windows-updates-wirklich-wichtig\/\">Sind Windows-Updates wirklich wichtig?<\/a><\/h4><\/div><\/article><article class=\"post fusion-column column col col-lg-12 col-md-12 col-sm-12\"><div class=\"recent-posts-content\"><span class=\"vcard\" style=\"display: none;\"><span class=\"fn\"><a href=\"https:\/\/systemhaus-rheine.de\/wp1\/author\/wp_admin\/\" title=\"Beitr\u00e4ge von wp_admin\" rel=\"author\">wp_admin<\/a><\/span><\/span><span class=\"updated\" style=\"display:none;\">2023-04-15T16:45:21+02:00<\/span><h4 class=\"entry-title\"><a href=\"https:\/\/systemhaus-rheine.de\/wp1\/wifi-6-was-bringt-der-neue-standard\/\">WiFi 6 \u2013 Was bringt der neue Standard?<\/a><\/h4><\/div><\/article><article class=\"post fusion-column column col col-lg-12 col-md-12 col-sm-12\"><div class=\"recent-posts-content\"><span class=\"vcard\" style=\"display: none;\"><span class=\"fn\"><a href=\"https:\/\/systemhaus-rheine.de\/wp1\/author\/wp_admin\/\" title=\"Beitr\u00e4ge von wp_admin\" rel=\"author\">wp_admin<\/a><\/span><\/span><span class=\"updated\" style=\"display:none;\">2023-04-15T16:42:13+02:00<\/span><h4 class=\"entry-title\"><a href=\"https:\/\/systemhaus-rheine.de\/wp1\/zwei-faktor-authentifizierung-was-hat-das-mit-it-sicherheit-zu-tun\/\">Zwei-Faktor-Authentifizierung, was hat das mit IT-Sicherheit zu tun?<\/a><\/h4><\/div><\/article><article class=\"post fusion-column column col col-lg-12 col-md-12 col-sm-12\"><div class=\"recent-posts-content\"><span class=\"vcard\" style=\"display: none;\"><span class=\"fn\"><a href=\"https:\/\/systemhaus-rheine.de\/wp1\/author\/wp_admin\/\" title=\"Beitr\u00e4ge von wp_admin\" rel=\"author\">wp_admin<\/a><\/span><\/span><span class=\"updated\" style=\"display:none;\">2022-09-26T14:53:34+02:00<\/span><h4 class=\"entry-title\"><a href=\"https:\/\/systemhaus-rheine.de\/wp1\/firefox-quantum-schneller-und-effizienter-arbeiten\/\">Firefox Quantum &#8211; schneller und effizienter arbeiten<\/a><\/h4><\/div><\/article><\/section><\/div><a href=\"http:\/\/www.systemhaus-rheine.de\/wp1\/insystem-blog\/\">mehr&#8230;<\/a><\/div><\/div>\n<\/div><div class=\"fusion-text fusion-text-6\"><div class=\"su-box su-box-style-default\" id=\"\" style=\"border-color:#ae0000;border-radius:3px;max-width:none\"><div class=\"su-box-title\" style=\"background-color:#E11A2D;color:#FFFFFF;border-top-left-radius:1px;border-top-right-radius:1px\">Links<\/div><div class=\"su-box-content su-u-clearfix su-u-trim\" style=\"border-bottom-left-radius:1px;border-bottom-right-radius:1px\"><style type=\"text\/css\">div#tagcloud { margin-bottom: 50px; width: 90%; margin-left: auto; margin-right: auto; text-align: center; }<\/style><div id=\"tagcloud\"><a href=\"https:\/\/systemhaus-rheine.de\/wp1\/tag\/archivierung\/\" class=\"tag-cloud-link tag-link-58 tag-link-position-1\" aria-label=\"Archivierung (2\u00a0Eintr\u00e4ge)\">Archivierung<\/a>\n<a href=\"https:\/\/systemhaus-rheine.de\/wp1\/tag\/belegvorerfassung\/\" class=\"tag-cloud-link tag-link-71 tag-link-position-2\" aria-label=\"Belegvorerfassung (3\u00a0Eintr\u00e4ge)\">Belegvorerfassung<\/a>\n<a href=\"https:\/\/systemhaus-rheine.de\/wp1\/tag\/drucker\/\" class=\"tag-cloud-link tag-link-41 tag-link-position-3\" aria-label=\"Drucker (1\u00a0Eintrag)\">Drucker<\/a>\n<a href=\"https:\/\/systemhaus-rheine.de\/wp1\/tag\/e-mail\/\" class=\"tag-cloud-link tag-link-42 tag-link-position-4\" aria-label=\"E-Mail (1\u00a0Eintrag)\">E-Mail<\/a>\n<a href=\"https:\/\/systemhaus-rheine.de\/wp1\/tag\/erp\/\" class=\"tag-cloud-link tag-link-48 tag-link-position-5\" aria-label=\"ERP (1\u00a0Eintrag)\">ERP<\/a>\n<a href=\"https:\/\/systemhaus-rheine.de\/wp1\/tag\/fax\/\" class=\"tag-cloud-link tag-link-45 tag-link-position-6\" aria-label=\"Fax (1\u00a0Eintrag)\">Fax<\/a>\n<a href=\"https:\/\/systemhaus-rheine.de\/wp1\/tag\/gastronomie\/\" class=\"tag-cloud-link tag-link-53 tag-link-position-7\" aria-label=\"Gastronomie (2\u00a0Eintr\u00e4ge)\">Gastronomie<\/a>\n<a href=\"https:\/\/systemhaus-rheine.de\/wp1\/tag\/hardware\/\" class=\"tag-cloud-link tag-link-55 tag-link-position-8\" aria-label=\"Hardware (3\u00a0Eintr\u00e4ge)\">Hardware<\/a>\n<a href=\"https:\/\/systemhaus-rheine.de\/wp1\/tag\/internet\/\" class=\"tag-cloud-link tag-link-37 tag-link-position-9\" aria-label=\"Internet (1\u00a0Eintrag)\">Internet<\/a>\n<a href=\"https:\/\/systemhaus-rheine.de\/wp1\/tag\/literaturverzeichnis\/\" class=\"tag-cloud-link tag-link-68 tag-link-position-10\" aria-label=\"Literaturverzeichnis (1\u00a0Eintrag)\">Literaturverzeichnis<\/a>\n<a href=\"https:\/\/systemhaus-rheine.de\/wp1\/tag\/netzwerk\/\" class=\"tag-cloud-link tag-link-57 tag-link-position-11\" aria-label=\"Netzwerk (1\u00a0Eintrag)\">Netzwerk<\/a>\n<a href=\"https:\/\/systemhaus-rheine.de\/wp1\/tag\/quellenangaben\/\" class=\"tag-cloud-link tag-link-69 tag-link-position-12\" aria-label=\"Quellenangaben (1\u00a0Eintrag)\">Quellenangaben<\/a>\n<a href=\"https:\/\/systemhaus-rheine.de\/wp1\/tag\/security\/\" class=\"tag-cloud-link tag-link-50 tag-link-position-13\" aria-label=\"Security (1\u00a0Eintrag)\">Security<\/a>\n<a href=\"https:\/\/systemhaus-rheine.de\/wp1\/tag\/server\/\" class=\"tag-cloud-link tag-link-38 tag-link-position-14\" aria-label=\"Server (2\u00a0Eintr\u00e4ge)\">Server<\/a>\n<a href=\"https:\/\/systemhaus-rheine.de\/wp1\/tag\/service\/\" class=\"tag-cloud-link tag-link-34 tag-link-position-15\" aria-label=\"Service (7\u00a0Eintr\u00e4ge)\">Service<\/a>\n<a href=\"https:\/\/systemhaus-rheine.de\/wp1\/tag\/sicherheit\/\" class=\"tag-cloud-link tag-link-43 tag-link-position-16\" aria-label=\"Sicherheit (1\u00a0Eintrag)\">Sicherheit<\/a>\n<a href=\"https:\/\/systemhaus-rheine.de\/wp1\/tag\/software\/\" class=\"tag-cloud-link tag-link-39 tag-link-position-17\" aria-label=\"Software (4\u00a0Eintr\u00e4ge)\">Software<\/a>\n<a href=\"https:\/\/systemhaus-rheine.de\/wp1\/tag\/telefonie\/\" class=\"tag-cloud-link tag-link-46 tag-link-position-18\" aria-label=\"Telefonie (1\u00a0Eintrag)\">Telefonie<\/a>\n<a href=\"https:\/\/systemhaus-rheine.de\/wp1\/tag\/telekommunikation\/\" class=\"tag-cloud-link tag-link-40 tag-link-position-19\" aria-label=\"Telekommunikation (1\u00a0Eintrag)\">Telekommunikation<\/a>\n<a href=\"https:\/\/systemhaus-rheine.de\/wp1\/tag\/warenwirtschaft\/\" class=\"tag-cloud-link tag-link-47 tag-link-position-20\" aria-label=\"Warenwirtschaft (1\u00a0Eintrag)\">Warenwirtschaft<\/a>\n<a href=\"https:\/\/systemhaus-rheine.de\/wp1\/tag\/word-2016\/\" class=\"tag-cloud-link tag-link-70 tag-link-position-21\" aria-label=\"Word 2016 (1\u00a0Eintrag)\">Word 2016<\/a><\/div><\/div><\/div>\n<\/div><div class=\"fusion-clearfix\"><\/div><\/div><\/div><\/div><\/div>\n","protected":false},"excerpt":{"rendered":"","protected":false},"author":1,"featured_media":0,"parent":11309,"menu_order":0,"comment_status":"open","ping_status":"closed","template":"","meta":{"footnotes":""},"categories":[],"tags":[48,39,47],"class_list":["post-11192","page","type-page","status-publish","hentry","tag-erp","tag-software","tag-warenwirtschaft"],"_links":{"self":[{"href":"https:\/\/systemhaus-rheine.de\/wp1\/wp-json\/wp\/v2\/pages\/11192","targetHints":{"allow":["GET"]}}],"collection":[{"href":"https:\/\/systemhaus-rheine.de\/wp1\/wp-json\/wp\/v2\/pages"}],"about":[{"href":"https:\/\/systemhaus-rheine.de\/wp1\/wp-json\/wp\/v2\/types\/page"}],"author":[{"embeddable":true,"href":"https:\/\/systemhaus-rheine.de\/wp1\/wp-json\/wp\/v2\/users\/1"}],"replies":[{"embeddable":true,"href":"https:\/\/systemhaus-rheine.de\/wp1\/wp-json\/wp\/v2\/comments?post=11192"}],"version-history":[{"count":2,"href":"https:\/\/systemhaus-rheine.de\/wp1\/wp-json\/wp\/v2\/pages\/11192\/revisions"}],"predecessor-version":[{"id":17668,"href":"https:\/\/systemhaus-rheine.de\/wp1\/wp-json\/wp\/v2\/pages\/11192\/revisions\/17668"}],"up":[{"embeddable":true,"href":"https:\/\/systemhaus-rheine.de\/wp1\/wp-json\/wp\/v2\/pages\/11309"}],"wp:attachment":[{"href":"https:\/\/systemhaus-rheine.de\/wp1\/wp-json\/wp\/v2\/media?parent=11192"}],"wp:term":[{"taxonomy":"category","embeddable":true,"href":"https:\/\/systemhaus-rheine.de\/wp1\/wp-json\/wp\/v2\/categories?post=11192"},{"taxonomy":"post_tag","embeddable":true,"href":"https:\/\/systemhaus-rheine.de\/wp1\/wp-json\/wp\/v2\/tags?post=11192"}],"curies":[{"name":"wp","href":"https:\/\/api.w.org\/{rel}","templated":true}]}}